{"id":31,"date":"2023-07-11T13:09:21","date_gmt":"2023-07-11T11:09:21","guid":{"rendered":"http:\/\/reeducreflexesarchaiques.ovh\/?page_id=31"},"modified":"2023-07-13T14:59:11","modified_gmt":"2023-07-13T12:59:11","slug":"details-du-projet","status":"publish","type":"page","link":"https:\/\/reeducreflexesarchaiques.ovh\/index.php\/details-du-projet\/","title":{"rendered":"Le traitement"},"content":{"rendered":"\n<ul class=\"wp-block-list\">\n<li class=\"has-medium-font-size\">Un 1er rendez-vous consiste \u00e0 aborder en d\u00e9tail la grossesse de la maman, le d\u00e9veloppement, le comportement et les apprentissage de l&#8217;enfant (questionnaire envoy\u00e9 par mail )<\/li>\n<\/ul>\n\n\n\n<ul class=\"wp-block-list\">\n<li class=\"has-medium-font-size\"> Le bilan neurophysiologique (environ 1h30) ne n\u00e9cessite aucun \u00e9quipement particulier. L&#8217;enfant va r\u00e9aliser diff\u00e9rents mouvements pour mesurer les r\u00e9flexes archa\u00efques persistants et la sensibilit\u00e9 corporelle. Il est important qu&#8217;il ne se sente pas jug\u00e9, il ne peut pas \u00eatre en \u00e9chec.<\/li>\n\n\n\n<li class=\"has-medium-font-size\">Apr\u00e8s le bilan, les r\u00e9sultats sont discut\u00e9s, votre enfant et vous-m\u00eame d\u00e9couvrirez le ou les mouvements de Neurophysioth\u00e9rapie.<\/li>\n\n\n\n<li class=\"has-medium-font-size\">les mouvements, qui doivent \u00eatre r\u00e9alis\u00e9s quotidiennement, ne durent que 5 \u00e0 10 minutes. L&#8217;enfant a besoin d&#8217;un adulte pour l&#8217;aider, l&#8217;encourager et le superviser.<\/li>\n\n\n\n<li class=\"has-medium-font-size\">Les progr\u00e8s de votre enfant sont ensuite suivis toutes les 4 \u00e0 6 semaines et les mouvements changent en fonction des \u00e9volutions constat\u00e9es. La dur\u00e9e moyenne d&#8217;un programme de r\u00e9\u00e9ducation est d&#8217;environ 12 \u00e0 18 mois.<\/li>\n<\/ul>\n\n\n\n<div class=\"wp-block-cover alignfull\" style=\"min-height:320px;aspect-ratio:unset;\"><span aria-hidden=\"true\" class=\"wp-block-cover__background has-nv-site-bg-background-color has-background-dim-100 has-background-dim\"><\/span><div class=\"wp-block-cover__inner-container is-layout-flow wp-block-cover-is-layout-flow\">\n<div class=\"wp-block-group\"><div class=\"wp-block-group__inner-container is-layout-flow wp-block-group-is-layout-flow\">\n<div class=\"wp-block-columns are-vertically-aligned-center is-layout-flex wp-container-core-columns-is-layout-9d6595d7 wp-block-columns-is-layout-flex\">\n<div class=\"wp-block-column is-vertically-aligned-center is-layout-flow wp-block-column-is-layout-flow\" style=\"flex-basis:70%\"><\/div>\n\n\n\n<div class=\"wp-block-column is-vertically-aligned-center is-layout-flow wp-block-column-is-layout-flow\" style=\"flex-basis:30%\"><\/div>\n<\/div>\n<\/div><\/div>\n<\/div><\/div>\n\n\n\n<div class=\"wp-block-cover alignfull\" style=\"min-height:600px;aspect-ratio:unset;\"><span aria-hidden=\"true\" class=\"wp-block-cover__background has-nv-light-bg-background-color has-background-dim-100 has-background-dim\"><\/span><div class=\"wp-block-cover__inner-container is-layout-flow wp-block-cover-is-layout-flow\">\n<div class=\"wp-block-group\"><div class=\"wp-block-group__inner-container is-layout-flow wp-block-group-is-layout-flow\">\n<div style=\"height:80px\" aria-hidden=\"true\" class=\"wp-block-spacer\"><\/div>\n\n\n\n<div class=\"wp-block-columns is-layout-flex wp-container-core-columns-is-layout-9d6595d7 wp-block-columns-is-layout-flex\">\n<div class=\"wp-block-column is-layout-flow wp-block-column-is-layout-flow\" style=\"flex-basis:66.79%\">\n<figure class=\"wp-block-gallery has-nested-images columns-default is-cropped wp-block-gallery-1 is-layout-flex wp-block-gallery-is-layout-flex\">\n<figure class=\"wp-block-image size-large\"><img loading=\"lazy\" decoding=\"async\" width=\"1024\" height=\"768\" data-id=\"119\" src=\"http:\/\/reeducreflexesarchaiques.ovh\/wp-content\/uploads\/2023\/07\/Image-cycle-des-apprentissages-1024x768.jpg\" alt=\"\" class=\"wp-image-119\" srcset=\"https:\/\/reeducreflexesarchaiques.ovh\/wp-content\/uploads\/2023\/07\/Image-cycle-des-apprentissages-1024x768.jpg 1024w, https:\/\/reeducreflexesarchaiques.ovh\/wp-content\/uploads\/2023\/07\/Image-cycle-des-apprentissages-300x225.jpg 300w, https:\/\/reeducreflexesarchaiques.ovh\/wp-content\/uploads\/2023\/07\/Image-cycle-des-apprentissages-768x576.jpg 768w, https:\/\/reeducreflexesarchaiques.ovh\/wp-content\/uploads\/2023\/07\/Image-cycle-des-apprentissages-1536x1152.jpg 1536w, https:\/\/reeducreflexesarchaiques.ovh\/wp-content\/uploads\/2023\/07\/Image-cycle-des-apprentissages-2048x1536.jpg 2048w\" sizes=\"auto, (max-width: 1024px) 100vw, 1024px\" \/><\/figure>\n<\/figure>\n\n\n\n<div style=\"height:40px\" aria-hidden=\"true\" class=\"wp-block-spacer\"><\/div>\n<\/div>\n\n\n\n<div class=\"wp-block-column is-layout-flow wp-block-column-is-layout-flow\" style=\"flex-basis:34%\">\n<div class=\"wp-block-buttons is-layout-flex wp-block-buttons-is-layout-flex\"><\/div>\n\n\n\n<hr class=\"wp-block-separator has-css-opacity has-text-color has-neve-text-color-color has-neve-text-color-background-color has-background is-style-default\"\/>\n\n\n\n<div style=\"height:24px\" aria-hidden=\"true\" class=\"wp-block-spacer\"><\/div>\n\n\n\n<p class=\"has-neve-text-color-color has-text-color\">Cycle d&#8217;\u00e9volution de la naissance \u00e0 la marche.<\/p>\n<\/div>\n<\/div>\n\n\n\n<div style=\"height:40px\" aria-hidden=\"true\" class=\"wp-block-spacer\"><\/div>\n<\/div><\/div>\n<\/div><\/div>\n\n\n\n<div class=\"wp-block-cover alignfull\" style=\"min-height:600px;aspect-ratio:unset;\"><span aria-hidden=\"true\" class=\"wp-block-cover__background has-nv-site-bg-background-color has-background-dim-100 has-background-dim\"><\/span><div class=\"wp-block-cover__inner-container is-layout-flow wp-block-cover-is-layout-flow\">\n<div class=\"wp-block-group\"><div class=\"wp-block-group__inner-container is-layout-flow wp-block-group-is-layout-flow\">\n<div style=\"height:80px\" aria-hidden=\"true\" class=\"wp-block-spacer\"><\/div>\n\n\n\n<h2 class=\"wp-block-heading has-neve-text-color-color has-text-color\">Other projects<\/h2>\n\n\n\n<div style=\"height:20px\" aria-hidden=\"true\" class=\"wp-block-spacer\"><\/div>\n\n\n\n<div class=\"wp-block-columns are-vertically-aligned-center is-layout-flex wp-container-core-columns-is-layout-9d6595d7 wp-block-columns-is-layout-flex\">\n<div class=\"wp-block-column is-vertically-aligned-center is-layout-flow wp-block-column-is-layout-flow\" style=\"flex-basis:50%\">\n<figure class=\"wp-block-image\"><img decoding=\"async\" src=\"http:\/\/reeducreflexesarchaiques.ovh\/wp-content\/themes\/neve\/assets\/img\/starter-content\/card-02.jpg\" alt=\"\"\/><\/figure>\n\n\n\n<div style=\"height:40px\" aria-hidden=\"true\" class=\"wp-block-spacer\"><\/div>\n<\/div>\n\n\n\n<div class=\"wp-block-column is-vertically-aligned-center is-layout-flow wp-block-column-is-layout-flow\" style=\"flex-basis:50%\">\n<figure class=\"wp-block-image size-large\"><img decoding=\"async\" src=\"http:\/\/reeducreflexesarchaiques.ovh\/wp-content\/themes\/neve\/assets\/img\/starter-content\/card-01.jpg\" alt=\"\"\/><\/figure>\n\n\n\n<div style=\"height:40px\" aria-hidden=\"true\" class=\"wp-block-spacer\"><\/div>\n<\/div>\n<\/div>\n\n\n\n<div style=\"height:40px\" aria-hidden=\"true\" class=\"wp-block-spacer\"><\/div>\n<\/div><\/div>\n<\/div><\/div>\n\n\n\n<div class=\"wp-block-cover alignfull\" style=\"min-height:300px;aspect-ratio:unset;\"><span aria-hidden=\"true\" class=\"wp-block-cover__background has-nv-dark-bg-background-color has-background-dim-100 has-background-dim\"><\/span><div class=\"wp-block-cover__inner-container is-layout-flow wp-block-cover-is-layout-flow\">\n<div style=\"height:140px\" aria-hidden=\"true\" class=\"wp-block-spacer\"><\/div>\n\n\n\n<h2 class=\"wp-block-heading has-text-align-center has-nv-text-dark-bg-color has-text-color\">Let\u2019s work together on your <br>next web project<\/h2>\n\n\n\n<p class=\"has-text-align-center has-medium-font-size\">Lorem ipsum dolor sit amet, consectetur adipiscing elit. Ut elit tellus, luctus <br>nec ullamcorper mattis, pulvinar dapibus leo.<\/p>\n\n\n\n<div class=\"wp-block-buttons is-content-justification-center is-layout-flex wp-container-core-buttons-is-layout-16018d1d wp-block-buttons-is-layout-flex\">\n<div class=\"wp-block-button is-style-primary\"><a class=\"wp-block-button__link wp-element-button\" href=\"#\">LEARN MORE<\/a><\/div>\n<\/div>\n\n\n\n<div style=\"height:140px\" aria-hidden=\"true\" class=\"wp-block-spacer\"><\/div>\n<\/div><\/div>\n\n\n\n<h2 class=\"wp-block-heading\"><\/h2>\n","protected":false},"excerpt":{"rendered":"","protected":false},"author":1,"featured_media":0,"parent":0,"menu_order":0,"comment_status":"closed","ping_status":"closed","template":"","meta":{"neve_meta_sidebar":"","neve_meta_container":"","neve_meta_enable_content_width":"on","neve_meta_content_width":100,"neve_meta_title_alignment":"","neve_meta_author_avatar":"","neve_post_elements_order":"","neve_meta_disable_header":"","neve_meta_disable_footer":"","neve_meta_disable_title":"on","_ti_tpc_template_sync":false,"_ti_tpc_template_id":"","footnotes":""},"class_list":["post-31","page","type-page","status-publish","hentry"],"yoast_head":"<!-- This site is optimized with the Yoast SEO plugin v20.10 - https:\/\/yoast.com\/wordpress\/plugins\/seo\/ -->\n<title>Le traitement - R\u00e9\u00e9ducation sensorielle et motrice<\/title>\n<meta name=\"robots\" content=\"index, follow, max-snippet:-1, max-image-preview:large, max-video-preview:-1\" \/>\n<link rel=\"canonical\" href=\"https:\/\/reeducreflexesarchaiques.ovh\/index.php\/details-du-projet\/\" \/>\n<meta property=\"og:locale\" content=\"en_US\" \/>\n<meta property=\"og:type\" content=\"article\" \/>\n<meta property=\"og:title\" content=\"Le traitement - R\u00e9\u00e9ducation sensorielle et motrice\" \/>\n<meta property=\"og:url\" content=\"https:\/\/reeducreflexesarchaiques.ovh\/index.php\/details-du-projet\/\" \/>\n<meta property=\"og:site_name\" content=\"R\u00e9\u00e9ducation sensorielle et motrice\" \/>\n<meta property=\"article:modified_time\" content=\"2023-07-13T12:59:11+00:00\" \/>\n<meta property=\"og:image\" content=\"http:\/\/reeducreflexesarchaiques.ovh\/wp-content\/uploads\/2023\/07\/Image-cycle-des-apprentissages-1024x768.jpg\" \/>\n<meta name=\"twitter:card\" content=\"summary_large_image\" \/>\n<meta name=\"twitter:label1\" content=\"Est. reading time\" \/>\n\t<meta name=\"twitter:data1\" content=\"2 minutes\" \/>\n<script type=\"application\/ld+json\" class=\"yoast-schema-graph\">{\"@context\":\"https:\/\/schema.org\",\"@graph\":[{\"@type\":\"WebPage\",\"@id\":\"https:\/\/reeducreflexesarchaiques.ovh\/index.php\/details-du-projet\/\",\"url\":\"https:\/\/reeducreflexesarchaiques.ovh\/index.php\/details-du-projet\/\",\"name\":\"Le traitement - R\u00e9\u00e9ducation sensorielle et motrice\",\"isPartOf\":{\"@id\":\"https:\/\/reeducreflexesarchaiques.ovh\/#website\"},\"datePublished\":\"2023-07-11T11:09:21+00:00\",\"dateModified\":\"2023-07-13T12:59:11+00:00\",\"breadcrumb\":{\"@id\":\"https:\/\/reeducreflexesarchaiques.ovh\/index.php\/details-du-projet\/#breadcrumb\"},\"inLanguage\":\"en-US\",\"potentialAction\":[{\"@type\":\"ReadAction\",\"target\":[\"https:\/\/reeducreflexesarchaiques.ovh\/index.php\/details-du-projet\/\"]}]},{\"@type\":\"BreadcrumbList\",\"@id\":\"https:\/\/reeducreflexesarchaiques.ovh\/index.php\/details-du-projet\/#breadcrumb\",\"itemListElement\":[{\"@type\":\"ListItem\",\"position\":1,\"name\":\"Accueil\",\"item\":\"https:\/\/reeducreflexesarchaiques.ovh\/\"},{\"@type\":\"ListItem\",\"position\":2,\"name\":\"Le traitement\"}]},{\"@type\":\"WebSite\",\"@id\":\"https:\/\/reeducreflexesarchaiques.ovh\/#website\",\"url\":\"https:\/\/reeducreflexesarchaiques.ovh\/\",\"name\":\"R\u00e9\u00e9ducation sensorielle et motrice\",\"description\":\"ree\",\"publisher\":{\"@id\":\"https:\/\/reeducreflexesarchaiques.ovh\/#organization\"},\"potentialAction\":[{\"@type\":\"SearchAction\",\"target\":{\"@type\":\"EntryPoint\",\"urlTemplate\":\"https:\/\/reeducreflexesarchaiques.ovh\/?s={search_term_string}\"},\"query-input\":\"required name=search_term_string\"}],\"inLanguage\":\"en-US\"},{\"@type\":\"Organization\",\"@id\":\"https:\/\/reeducreflexesarchaiques.ovh\/#organization\",\"name\":\"R\u00e9\u00e9ducation sensorielle et motrice\",\"url\":\"https:\/\/reeducreflexesarchaiques.ovh\/\",\"logo\":{\"@type\":\"ImageObject\",\"inLanguage\":\"en-US\",\"@id\":\"https:\/\/reeducreflexesarchaiques.ovh\/#\/schema\/logo\/image\/\",\"url\":\"\",\"contentUrl\":\"\",\"caption\":\"R\u00e9\u00e9ducation sensorielle et motrice\"},\"image\":{\"@id\":\"https:\/\/reeducreflexesarchaiques.ovh\/#\/schema\/logo\/image\/\"}}]}<\/script>\n<!-- \/ Yoast SEO plugin. -->","yoast_head_json":{"title":"Le traitement - R\u00e9\u00e9ducation sensorielle et motrice","robots":{"index":"index","follow":"follow","max-snippet":"max-snippet:-1","max-image-preview":"max-image-preview:large","max-video-preview":"max-video-preview:-1"},"canonical":"https:\/\/reeducreflexesarchaiques.ovh\/index.php\/details-du-projet\/","og_locale":"en_US","og_type":"article","og_title":"Le traitement - R\u00e9\u00e9ducation sensorielle et motrice","og_url":"https:\/\/reeducreflexesarchaiques.ovh\/index.php\/details-du-projet\/","og_site_name":"R\u00e9\u00e9ducation sensorielle et motrice","article_modified_time":"2023-07-13T12:59:11+00:00","og_image":[{"url":"http:\/\/reeducreflexesarchaiques.ovh\/wp-content\/uploads\/2023\/07\/Image-cycle-des-apprentissages-1024x768.jpg"}],"twitter_card":"summary_large_image","twitter_misc":{"Est. reading time":"2 minutes"},"schema":{"@context":"https:\/\/schema.org","@graph":[{"@type":"WebPage","@id":"https:\/\/reeducreflexesarchaiques.ovh\/index.php\/details-du-projet\/","url":"https:\/\/reeducreflexesarchaiques.ovh\/index.php\/details-du-projet\/","name":"Le traitement - R\u00e9\u00e9ducation sensorielle et motrice","isPartOf":{"@id":"https:\/\/reeducreflexesarchaiques.ovh\/#website"},"datePublished":"2023-07-11T11:09:21+00:00","dateModified":"2023-07-13T12:59:11+00:00","breadcrumb":{"@id":"https:\/\/reeducreflexesarchaiques.ovh\/index.php\/details-du-projet\/#breadcrumb"},"inLanguage":"en-US","potentialAction":[{"@type":"ReadAction","target":["https:\/\/reeducreflexesarchaiques.ovh\/index.php\/details-du-projet\/"]}]},{"@type":"BreadcrumbList","@id":"https:\/\/reeducreflexesarchaiques.ovh\/index.php\/details-du-projet\/#breadcrumb","itemListElement":[{"@type":"ListItem","position":1,"name":"Accueil","item":"https:\/\/reeducreflexesarchaiques.ovh\/"},{"@type":"ListItem","position":2,"name":"Le traitement"}]},{"@type":"WebSite","@id":"https:\/\/reeducreflexesarchaiques.ovh\/#website","url":"https:\/\/reeducreflexesarchaiques.ovh\/","name":"R\u00e9\u00e9ducation sensorielle et motrice","description":"ree","publisher":{"@id":"https:\/\/reeducreflexesarchaiques.ovh\/#organization"},"potentialAction":[{"@type":"SearchAction","target":{"@type":"EntryPoint","urlTemplate":"https:\/\/reeducreflexesarchaiques.ovh\/?s={search_term_string}"},"query-input":"required name=search_term_string"}],"inLanguage":"en-US"},{"@type":"Organization","@id":"https:\/\/reeducreflexesarchaiques.ovh\/#organization","name":"R\u00e9\u00e9ducation sensorielle et motrice","url":"https:\/\/reeducreflexesarchaiques.ovh\/","logo":{"@type":"ImageObject","inLanguage":"en-US","@id":"https:\/\/reeducreflexesarchaiques.ovh\/#\/schema\/logo\/image\/","url":"","contentUrl":"","caption":"R\u00e9\u00e9ducation sensorielle et motrice"},"image":{"@id":"https:\/\/reeducreflexesarchaiques.ovh\/#\/schema\/logo\/image\/"}}]}},"_links":{"self":[{"href":"https:\/\/reeducreflexesarchaiques.ovh\/index.php\/wp-json\/wp\/v2\/pages\/31","targetHints":{"allow":["GET"]}}],"collection":[{"href":"https:\/\/reeducreflexesarchaiques.ovh\/index.php\/wp-json\/wp\/v2\/pages"}],"about":[{"href":"https:\/\/reeducreflexesarchaiques.ovh\/index.php\/wp-json\/wp\/v2\/types\/page"}],"author":[{"embeddable":true,"href":"https:\/\/reeducreflexesarchaiques.ovh\/index.php\/wp-json\/wp\/v2\/users\/1"}],"replies":[{"embeddable":true,"href":"https:\/\/reeducreflexesarchaiques.ovh\/index.php\/wp-json\/wp\/v2\/comments?post=31"}],"version-history":[{"count":6,"href":"https:\/\/reeducreflexesarchaiques.ovh\/index.php\/wp-json\/wp\/v2\/pages\/31\/revisions"}],"predecessor-version":[{"id":137,"href":"https:\/\/reeducreflexesarchaiques.ovh\/index.php\/wp-json\/wp\/v2\/pages\/31\/revisions\/137"}],"wp:attachment":[{"href":"https:\/\/reeducreflexesarchaiques.ovh\/index.php\/wp-json\/wp\/v2\/media?parent=31"}],"curies":[{"name":"wp","href":"https:\/\/api.w.org\/{rel}","templated":true}]}}